Evaluate -2 + 13 - (4 - 1).
8
Evaluate (0 + -3 - (27 - 29)) + -33.
-34
-9 - (7 - (-5 - 4 - -3))
-22
What is (4 + 1 - 1) + 3?
7
What is the value of (0 - 1) + (1 - 2) + -44 + 39?
-7
Evaluate -5 + 8 - 5 - (2 + -20).
16
Calculate 10 - 9 - (-2 + 8).
-5
Calculate 0 + (-3 - (122 + -130 - (0 + -7))).
-2
Evaluate 1 - -9 - (-37 - (55 + -84)).
18
What is 7 + -28 + (26 - 14)?
-9
Calculate (-15 - -9 - 10) + 6.
-10
What is -40 + (4 - (-94 + 24))?
34
What is 84 + -62 + (1 - 3) + -6?
14
(1 - 5 - (81 - 75)) + 26
16
Calculate -3 - (-1 - (23 - (2 - 3))).
22
What is the value of 4 + (4 - 5) + (8 - 0)?
11
What is 2 + -2 + -8 - (13 - (4 - -8))?
-9
What is 21 + (-16 - (-20 + 48))?
-23
Calculate -13 + (-1 - (34 + -19) - (2 + -12)).
-19
10 + -15 - (2 + (2 - -1))
-10
Calculate -12 - (6 - (33 + 5)) - (1 - -6).
13
What is (-1 + (-1 - -11) - 34 - 2) + 6?
-21
What is (0 - -5) + (-4 + 26 - 46)?
-19
Calculate 6 + -1 + -1 + (-16 - (-11 + -2)).
1
-8 - ((15 - (14 + -3)) + (0 - 2))
-10
What is -3 - -15 - (19 - 21) - 32?
-18
What is (0 - 10) + (-2 - 1) + 158 + -150?
-5
Evaluate (-6 - -26) + -17 + (-2 - (7 + -2)).
-4
Calculate (-18 - (8 - 19)) + 8 - -11.
12
Calculate 11 + (-1 - (6 + 14 + -1)).
-9
-1 + -6 - (-11 + 17 + -17)
4
What is -6 + (11 - 23) + (-3 - -3 - 4)?
-22
What is the value of 2 - 3 - (6 + (-8 - (-10 + -2)))?
-11
Calculate (-19 + 21 + 2 - -4) + 5.
13
-29 + (14 - (10 + 16) - -25)
-16
-2 + 13 + -11 - -22
22
(-25 - (0 + -2)) + (31 - 25) - -8
-9
What is 24 - (9 + (-24 - -8) - -22)?
9
What is the value of 24 - (19 + 50 + -12)?
-33
-4 + -2 - (12 - 13 - -2)
-7
-12 - (2 + -6) - (-11 + -2)
5
-5 - (4 + (-4 - 8))
3
-107 + 87 + (24 - 0)
4
(5 - 19) + -36 + 36
-14
What is 21 + (-7 - (-1 + 0 + 4)) + 3?
14
-12 - ((12 - 5) + 7 + -10)
-16
(3 + 9 - 6) + -3 + -1 + 0
2
What is the value of (-9 + 4 - 5) + 11 - (0 + 9)?
-8
Evaluate -6 + (-2 - 0) - -9 - (6 + 4).
-9
What is 12 + 16 + (2 - 14)?
16
Calculate 17 - 21 - 2 - (-5 - 0) - 7.
-8
Calculate -11 - ((11 - 3) + 10 + -25).
-4
9 + -8 - 6 - (5 - 21)
11
Evaluate 75 + -71 - (-1 - -9) - -20.
16
What is -8 + 38 - (40 - 21)?
11
What is the value of 1 + 1 + (-45 - -55)?
12
What is -7 + (-7 - (1 + -8)) - -7?
0
Calculate 1 + (1 - 4) - (-37 + 31 - -2).
2
Calculate (-3 - -1 - (10 - 4)) + 1.
-7
What is the value of 15 - 7 - 5 - 5?
-2
Calculate (0 - (15 - -1)) + 9 + 10.
3
What is the value of 27 + (-18 - (-20 + 15))?
14
What is (-12 - (7 - 15)) + -11?
-15
What is the value of 0 + 0 + 11 - (27 + 34 + -61)?
11
Evaluate 24 + (11 + -5 - -2) + -18.
14
Evaluate -16 + 0 + 35 + (-22 - 0).
-3
(-15 - -54) + (-1 + 9 - 25)
22
Calculate (14 + -4 - 17) + 23.
16
-11 - (9 + (9 - 1) - 12)
-16
Calculate (1 - 4) + -2 + (-7 - (0 + -3)).
-9
What is -11 - ((13 - (9 - 2)) + -13)?
-4
Calculate 20 + 27 + -42 + (1 - -1).
7
23 - (-4 + -20 - -39)
8
What is the value of (33 + -18 - 22) + -5?
-12
What is the value of 2 - (2 + 7) - -2?
-5
3 - 3 - 12 - (-20 + 45 - 21)
-16
What is the value of (-1 - 0) + -29 + 32 + 1?
3
Calculate -22 - -35 - (-34 - -31).
16
Calculate -16 - (-40 + 2 + 13).
9
What is the value of 0 + (-2 - (0 + -1)) + (74 - 95)?
-22
Calculate 1 + -3 + -15 + 25 + -4 - 14.
-10
(11 - -22 - 73) + 10
-30
Calculate (1 - 6) + 10 - (10 + 9 - 8).
-6
-41 - (6 + -14 + -19)
-14
Calculate (6 - 3) + 3 + 41 + -39.
8
What is 9 - (-1 + 17) - (1 + 5 + 4)?
-17
Evaluate 67 + -98 + (16 - (-3 + 5)).
-17
What is (31 - (-7 + 11)) + (-4 - 9)?
14
Evaluate (-14 - (-29 - -17)) + 19 + -1.
16
3 + -5 + -37 + (16 - (9 + 0))
-32
(-10 + (4 - 1) - -2) + (-1 - -28)
22
What is -258 + 261 - (-5 - -2)?
6
-10 + 0 - (22 + -4 + -6 + -19)
-3
What is (-5 - -7) + -1 + 2 + -15 + 15?
3
-16 - (-30 + 13 + 8)
-7
(28 - 21) + (1 - 15)
-7
Evaluate 67 + -15 + -29 - 11.
12
Evaluate 2 + 30 + -16 + -23 + 20 + 1.
14
6 + (-57 - -59) + (-8 - 1)
-1
What is 13 + -1 - (3 - (33 - 30))?
12
What is 2 + -10 + -129 + 120?
-17
Calculate -6 - -1 - (11 + -8 - -5).
-13
What is -17 + 19 + -6 + -2?
-6
(1 - 11 - 3) + 1 + 32
20
Evaluate (58 - (-61 - -120)) + -1 + 0 + 8.
6
-19 + -11 + -1 + 7
-24
Evaluate (3 + (-2 - 6) - -7) + -8 + -6.
-12
What is -28 + 11 + (14 - 8)?
-11
(-6 + 7 - 0) + 9 - 19
-9
Calculate (-10 + 11 - 12) + 20 - 2.
7
What is -22 - -38 - (20 - 0) - -12?
8
What is 13 + -9 + -15 - (-3 - (-2 + -1))?
-11
What is (-4 - (-4 + -2) - -11) + 0?
13
-9 + (0 - (8 - 9))
-8
Evaluate 39 + 44 + -72 - (0 + -11).
22
-4 + (16 - 1) + -17
-6
Calculate (-12 - -7 - -3) + -2 + 6 + -11.
-9
What is (-5 - (-9 + 8 - (7 + 6))) + -7?
2
Calculate -10 - ((12 - -7) + 24 + -26).
-27
Evaluate -13 + -2 + 9 + (-2 - -2).
-6
Calculate -70 - -60 - (2 - -6).
-18
What is the value of 12 - (40 - (-17 - -31))?
-14
Calculate 10 + -33 - -13 - -12.
2
Calculate 10 + 0 + (-4 - (-37 + 15)).
28
Calculate -7 - (-15 + 11) - (-1 - -8).
-10
What is 5 - (3 - 4) - (0 - (3 + -6))?
3
What is 9 + (4 + -13 + 12 - (1 - 11))?
22
Evaluate -3 + 4 + (-6 - 0) + 8 + -6.
-3
Evaluate 21 - 18 - (44 - (2 + (-7 - -9))).
-37
-4 + (15 - 8) - (-7 + 0)
10
What is the value of 16 + 33 + -41 + 1 + -1?
8
What is 10 + (6 + -1 - ((-5 - 10) + 19))?
11
5 + -12 + 8 + (6 - 13)
-6
-3 - (-3 + (2 - 2) + 6)
-6
What is the value of 12 - ((8 - (-7 - -8)) + 2)?
3
Evaluate -6 - -6 - (2 + 3 + (-5 - 1)).
1
What is the value of (-10 - -1) + (30 - 0) + -22?
-1
What is 28 + -23 + -27 + 27?
5
11 - 5 - 18 - -5
-7
What is the value of 11 + -2 + 1 + 2?
12
What is the value of -50 + 9 - -29 - (-17 + 0)?
5
Evaluate (3 - -4) + (-1 - 8) + 3 - -4.
5
(0 - -5) + 2 + (7 - 3 - 2)
9
Evaluate 5 + -7 + 3 - (-5 + 1).
5
Calculate 0 + -9 + (-10 + 23 - 21).
-17
Evaluate 29 + (-2 - (8 - (5 + -8 - -9))).
25
What is the value of 0 + -12 - (22 - (5 - -40))?
11
17 - -16 - (-55 + 61)
27
Evaluate 5 + -2 + 8 + -7 + -3.
1
What is the value of (-9 - -2) + -14 + 16 - -6 - -15?
16
What is the value of (-2 - 1 - -2) + (-7 - (23 + -18))?
-13
What is 0 + -2 - (-6 - -1)?
3
What is (2 - (-6 + 0 - -5 - -4)) + 2?
1
What is -4 + -31 + 0 + (-110 - -125)?
-20
What is the value of 9 + (-7 - -7 - -4 - (1 + 5))?
7
What is the value of 2 + -4 + -1 + (-441 - -441)?
-3
What is the value of 1 + -10 + 7 + 3 + (-17 - -35)?
19
What is (115 - 120) + -3 + 0 + (32 - -7)?
31
What is 10 + (-22 - 1) - -6?
-7
-192 + 191 + 19 + (0 + 2 - 1)
19
Calculate 193 + -221 - (-4 + -49).
25
What is -17 + (7 - ((6 - 4) + 0) - -3)?
-9
Evaluate 5 + -4 + (2 + -8 - -3) + -3.
-5
Calculate 1 + -2 + (-3 - -1 - (-65 - -64)).
-2
3 + 5 + -2 + 5 + 0
11
Evaluate -5 - (22 - 21) - 3.
-9
Calculate -21 + -6 + 15 + (3 - -6).
-3
What is (-1 - (-7 + 11)) + -1?
-6
What is the value of (15 - 22 - -5) + -11?
-13
What is the value of 28 - (-11 + 26 - 13)?
26
-2 + -2 - (-2 + (-9 - -4))
3
Calculate -190 + 201 - (22 + -4).
-7
29 + -27 + 20 + -38
-16
Evaluate (7 - -6 - 13) + -9 - -4.
-5
-1 + -2 + (-14 - -28)
11
(5 - 27) + 18 + 24
20
Calculate (-8 - (-37 - -33)) + 33.
29
What is -9 + (-3 - 9) + 24 - -5?
8
What is 32 - (7 - (-24 + -38))?
-37
(3 - ((1 - -4) + -1)) + -8
-9
Calculate (-1 - 0) + 1 + -14 + (136 - 119).
3
Calculate -4 - (-9 - (9 - 35)) - -6.
-15
Evaluate (-6 - -11) + 0 - (-2 + -1 + -3).
11
Evaluate -5 + 19 + 19 + -21.
12
What is the value of (-26 - -8) + 30 + (-6 - -15)?
21
(-6 + -2 - -2) + (3 - (-12 - -14))
-5
(9 - -1) + (30 - 48) + 12
4
What is -21 + (46 - (20 + -3))?
8
4 + 3 + -2 + 0 - (14 - 0)
-9
Evaluate -20 + (1 - -19) - ((3 - 2) + -8).
7
-7 - -46 - 58 - (-9 + -3)
-7
What is the value of -2 + (1 - -10) - (332 - 336)?
13
Calculate (17 - 5) + -2 - (-11 - 2).
23
Calculate 5 - 1 - (-7 + (4 - (-1 - 20))).
-14
What is the value of (6 + 10 - 6) + -11 + -5?
-6
What is -3 + -1 - (-7 + -19) - (-1 - 6)?
29
What is 9 + (30 + (-49 - -17) - (0 + -17))?
24
Evaluate 122 + -118 + 0 + (0 - (2 - 1)).
3
12 - (-13 - ((13 - 17) + 5))
26
(-2 + 5 - -3) + (3 - 20)
-11
What is 3 + (3 - (5 - 1)) + (-8 - 0)?
-6
What is the value of 9 + -24 + 6 + 29?
20
Evaluate ((-24 - -15) + -4 - -3) + 26.
16
Evaluate (8 - (-25 - -59)) + 28.
2
What is the value of (0 - -5 - (68 + -63)) + -16?
-16
What is the value of -7 - (-2 - (4 + (-11 - -4)))?
-8
What is -10 + 5 + -6 + 13?
2
20 + 8 + (10 - 7) + -9 + 7
29
What is the value of 12 + (-9 - (13 + -10))?
0
Calculate 2 + 5 + ((1 - 10) + 15 - 5).
8
What is the value of -15 - (7 - 3 - 19)?
0
Evaluate (-12 - (-2 + -12)) + 0 + 6 - -4.
12
What is 3 + -2 - 2 - -3 - (-4 - -7)?
-1
What is the value of -5 + (-3 -